p - 41. Give o(-15).
19
Let c(b) = -b**2 - 16*b - 1. What is c(-17)?
-18
Let q(f) = -f - 2. Give q(19).
-21
Let q(v) = 60*v - 336. Give q(6).
24
Let c(z) = -z - 6. Calculate c(6).
-12
Let r(w) = -4*w + 80. Determine r(18).
8
Let p(x) = -x**3 - 16*x**2 - 10*x - 3. What is p(-15)?
-78
Let l(x) = -2*x**2 + 4*x - 3. What is l(6)?
-51
Let f(c) = 39*c**2 + 5*c + 5. Give f(-2).
151
Let q(k) = -k**3 - 14*k**2 + 30*k - 36. What is q(-16)?
-4
Let a(h) = -3*h + 11. Determine a(-5).
26
Let p(s) = -s**3 - 20*s**2 + 16. What is p(-20)?
16
Let j(z) = z**3 + 12*z**2 + 2*z + 39. Determine j(-12).
15
Let q(d) = 7*d - 7. Give q(4).
21
Let n(d) = -d**3 + 2*d**2 - d + 8. Calculate n(0).
8
Let f(n) = -n**3 - 2*n + 13. Give f(0).
13
Let j(x) = -x**3 - 3*x**2 + 9*x + 1. Calculate j(0).
1
Let r(d) = -21*d**2 - 13*d - 13. What is r(-1)?
-21
Let d(a) = 16*a + 96. What is d(-6)?
0
Let c(a) = -a**2 + 14*a - 10. Give c(14).
-10
Let l(r) = -57*r + 689. Calculate l(12).
5
Let r(q) = -2*q - 3. Give r(4).
-11
Let c(q) = -4*q**2 + 40*q - 3. Give c(7).
81
Let g(l) = -l**3 - 9*l**2 + 4*l - 13. Calculate g(-9).
-49
Let l(f) = -f**2 - 7*f - 7. What is l(-5)?
3
Let j(i) = i**2 + 7*i + 13. Calculate j(-8).
21
Let q(u) = -u**2 + 7*u + 32. What is q(11)?
-12
Let a(u) = -u**2 - 11*u - 22. Determine a(-7).
6
Let s(l) = -2*l**2 + 5*l - 6. Calculate s(3).
-9
Let m(b) = -b**3 + b**2 - 4*b + 3. Determine m(2).
-9
Let u(p) = p - 3. Calculate u(3).
0
Let z(k) = -k**2 - 17*k + 17. Calculate z(-17).
17
Let p(z) = 9*z**2 + 134*z - 30. Give p(-15).
-15
Let w(h) = -h**3 + 5*h**2 + 30*h - 42. Determine w(8).
6
Let x(h) = h - 47. What is x(33)?
-14
Let l(s) = -s**3 - 10*s**2 - s - 6. Calculate l(-10).
4
Let o(p) = -p**2 + 6*p - 7. Determine o(2).
1
Let s(o) = -o**2 - 16*o - 15. Determine s(-13).
24
Let r(f) = f**3 - 3*f**2 - 18*f - 6. Calculate r(6).
-6
Let o(s) = -15*s + 57. Determine o(4).
-3
Let u(p) = 9*p - 71. Determine u(7).
-8
Let g(b) = b**3 + 3*b**2 - 4*b - 2. Determine g(-2).
10
Let b(z) = -z**3 + 6*z**2 - 7*z + 14. Give b(5).
4
Let a(v) = -3*v**2 + 43*v + 27. What is a(15)?
-3
Let g(p) = 9*p + 5. Determine g(-5).
-40
Let c(z) = z**2 + 45*z + 402. Calculate c(-12).
6
Let m(a) = a**2 + 8*a - 1. What is m(-7)?
-8
Let a(x) = 27*x**2 - 1. Calculate a(1).
26
Let o(y) = -y**2 - 9*y - 10. What is o(-8)?
-2
Let o(w) = -w**3 - 2*w**2 + 2. Give o(-3).
11
Let s(i) = 29*i - 9. Determine s(-6).
-183
Let t(m) = -m**3 + 17*m**2 - m + 17. Calculate t(17).
0
Let g(r) = -r**3 - 4*r**2 + 6*r - 9. Give g(-5).
-14
Let w(g) = -g - 23. What is w(-25)?
2
Let r(i) = i**3 + 9*i**2 + 7*i + 11. Determine r(-8).
19
Let d(j) = -4*j - 5. Determine d(7).
-33
Let j(i) = -i**3 + 2*i**2 - i - 2. Calculate j(0).
-2
Let m(z) = -2*z + 25. Give m(23).
-21
Let y(k) = -k**2 + 14*k + 8. What is y(13)?
21
Let a(d) = d**3 + 6*d**2 - 2*d + 5. Determine a(-6).
17
Let h(v) = v**2 - 14*v - 16. Calculate h(15).
-1
Let p(v) = v**2 + 10*v + 15. Give p(-8).
-1
Let u(x) = 16*x + 44. Calculate u(-4).
-20
Let n(s) = 8*s - 4. Determine n(0).
-4
Let o(g) = 2*g**2 + 9*g + 13. Calculate o(-4).
9
Let n(o) = 8*o + 203. What is n(-25)?
3
Let j(l) = 5*l - 132. Calculate j(16).
-52
Let o(x) = 50*x - 337. Calculate o(7).
13
Let v(i) = i**3 + 9*i**2 + 8*i - 3. Give v(-8).
-3
Let o(u) = 24*u. Determine o(2).
48
Let r(i) = 6*i + 2. Give r(2).
14
Let q(u) = u**3 - 7*u**2 + 4*u - 22. Give q(7).
6
Let l(c) = 2*c**3 + 21*c**2 - 8*c - 18. Determine l(-11).
-51
Let r(x) = x**3 - 8*x**2 - 22*x + 11. Calculate r(10).
-9
Let l(x) = -x**3 + 5*x + 2. Determine l(-4).
46
Let q(d) = -3*d**3 - 13*d**2 + 12*d + 5. What is q(-5)?
-5
Let b(q) = -10*q**2 + 16*q - 16. Calculate b(1).
-10
Let d(f) = -f**3 - 9*f**2 - 7*f - 6. Give d(-8).
-14
Let q(n) = -n + 10. Calculate q(-10).
20
Let q(b) = b**2 - 30*b - 6. Calculate q(30).
-6
Let s(k) = -k**3 + 13*k**2 - 2*k + 6. Give s(13).
-20
Let h(k) = -k**3 + 5*k**2 - 2*k - 1. What is h(4)?
7
Let u(s) = s**2 - 18*s - 51. What is u(22)?
37
Let l(j) = -j**2 + j + 10. What is l(0)?
10
Let o(g) = -2*g - 9. Calculate o(-6).
3
Let k(g) = 4*g + 68. Calculate k(-16).
4
Let z(h) = -h**3 + 8*h**2 + 3*h - 4. Give z(8).
20
Let t(k) = k**3 + 10*k**2 - k - 8. Calculate t(-10).
2
Let q(r) = 2*r**3 - r**2 - r - 2. Calculate q(-2).
-20
Let r(h) = h**2 + 12*h - 19. Calculate r(-10).
-39
Let d(f) = -f**2 - 20*f - 22. What is d(-19)?
-3
Let a(r) = r**2 - 13*r + 9. Determine a(10).
-21
Let h(x) = x**3 - 2*x**2 - 9*x + 14. Determine h(4).
10
Let u(d) = 14*d + 2. What is u(1)?
16
Let v(q) = q**3 + 15*q**2 + q + 14. Calculate v(-15).
-1
Let u(t) = -3*t**2 - 108*t - 99. Calculate u(-35).
6
Let l(k) = 6*k + 88. What is l(-19)?
-26
Let d(s) = -3*s + 11. Calculate d(4).
-1
Let i(a) = -3*a**2 + 9*a - 4. Give i(7).
-88
Let s(i) = -i**2 + 6*i - 5. Calculate s(6).
-5
Let x(p) = p**3 - 19*p**2 + 18*p - 1. Calculate x(18).
-1
Let a(y) = -33*y**3 + y**2 - y - 2. Determine a(-1).
33
Let j(t) = -15*t - 1. What is j(2)?
-31
Let z(l) = 34*l + 110. Calculate z(-3).
8
Let k(v) = 24*v + 173. Determine k(-7).
5
Let x(y) = y**3 - 16*y**2 - y + 10. Give x(16).
-6
Let r(f) = 18*f**2 + 21*f + 3. What is r(-2)?
33
Let w(m) = m**3 + 9*m**2 - 10*m - 5. Calculate w(-10).
-5
Let s(k) = 119*k + 8. Give s(1).
127
Let b(w) = w**3 - 4*w**2 + 6. Calculate b(3).
-3
Let a(k) = -2*k**2 - 18*k + 1. Give a(-10).
-19
Let h(x) = -5*x**2 - x + 1. Calculate h(-1).
-3
Let o(k) = -k**3 + 4*k**2 + 9*k - 9. Give o(5).
11
Let v(m) = m + 29. Calculate v(-15).
14
Let l(f) = -f**3 - 17*f**2 - 31*f - 25. Calculate l(-15).
-10
Let f(p) = -12*p + 23. What is f(6)?
-49
Let b(m) = m**3 - 11*m**2 - 25*m - 37. Give b(13).
-24
Let p(d) = -3*d - 12. Give p(6).
-30
Let q(n) = n**3 + 10*n**2 + 8*n - 16. What is q(-9)?
-7
Let p(m) = 18*m**3 - m. What is p(1)?
17
Let d(i) = i**3 + 12*i**2 + 21*i + 14. Determine d(-10).
4
Let h(d) = d**2 - d + 1. Give h(-2).
7
Let v(n) = 14*n + 109. Determine v(-7).
11
Let u(p) = -p**3 + 29*p**2 - 55*p + 32. What is u(27)?
5
Let b(h) = h**3 + 2*h**2 - 1. What is b(-2)?
-1
Let c(f) = -3*f - 62. Determine c(-8).
-38
Let u(x) = -x**3 - 14*x**2 - 22*x + 19. Determine u(-12).
-5
Let p(j) = -2*j**3 + j**2 + 2*j. Determine p(3).
-39
Let x(t) = 4*t - 5. Give x(21).
79
Let f(m) = m + 3. What is f(-9)?
-6
Let v(z) = -z**2 + 7*z - 4. Give v(5).
6
Let j(t) = 2*t**2 + 8*t + 14. Give j(-6).
38
Let i(x) = -4*x - 14. Calculate i(-8).
18
Let f(u) = u**3 + 2*u**2 - 4*u + 5. What is f(-4)?
-11
Let x(n) = n**3 + 5*n**2 + 5*n + 4. Determine x(-3).
7
Let j(t) = -t**2 + 49*t - 128. Calculate j(3).
10
Let f(o) = 12*o**2 - 2*o - 7. Calculate f(-2).
45
Let y(w) = 2*w**2 + 5*w - 4. Determine y(-7).
59
Let q(t) = -2*t**2 - 2. Determine q(5).
-52
Let q(l) = -l**3 - 3*l**2 + 3*l - 1. What is q(3)?
-46
Let k(a) = a**2 + 63*a + 725. Determine k(-15).
5
Let h(g) = 2*g**3 - 4*g**2 + 3*g - 2. Determine h(2).
4
Let k(f) = -f**3 - 25*f**2 + 2*f + 5. Give k(-25).
-45
Let a(q) = q**2 + 28*q + 119. Calculate a(-23).
4
Let p(b) = -b + 1. Give p(-1).
2
Let w(g) = -10*g - 49. Calculate w(-6).
11
Let k(u) = -2*u - 19. What is k(-8)?
-3
Let x(r) = -67*r + 196. Give x(3).
-5
Let q(v) = -11*v + 32. Determine q(3).
-1
Let q(s) = -s**2 - 11*s - 5. Calculate q(-11).
-5
Let x(p) = -15*p**2 - 4*p - 4. What is x(-2)?
-56
Let g(z) = -z**2 - z - 8. Calculate g(0).
-8
Let f(k) = -16*k + 360. Determine f(22).
8
Let g(u) = -u - 48. Calculate g(5).
-53
Let m(t) = 10*t + 7. Give m(-4).
-33
Let r(n) = 2*n**3 - 14*n**2 + 8*n - 10. Determine r(7).
46
Let h(l) = -3*l**3 + 3*l**2 + l - 2. What is h(-2)?
32
Let u(v) = -v**2 + 14*v + 20. What is u(16)?
-12
Let l(q) = q**3 - 33*q**2 + 30*q + 63. What is l(32)?
-1
Let q(f) = -27*f + 366. Calculate q(14).
-12
Let r(x) = x**3 - 19*x**2 - 19*x - 15. What is r(20)?
5
Let w(x) = -2*x - 3. Calculate w(6).
-15
Let l(w) = 6*w**3 + 2*w**2 - 5*w - 9. Give l(2).
37
Let d(v) = v**3 + 10*v**2 - 7*v + 4. Determine d(-10).
74
Let n(k) = -2*k**2 + 9*k - 4. Calculate n(8).
-60
Let w(x) = x**3 - 8*x**2 + 13*x - 9. Calculate w(6).
-3
Let u(g) = -2*g**2 - 8*g + 17. Give u(-5).
7
Let h(r) = -14*r**2 + r. What is h(1)?
-13
Let g(s) = 27*s - 2. Calculate g(2).
52
Let j(u) = -6*u - 41. Give j(-8).
7
Let b(t) = -5*t + 59. Give b(11).
4
Let l(m) = -3*m - 3. Calculate l(2).
-9
Let k(c) = -c**3 - 11*c**2 + 15*c + 3. Give k(-12).
